er when (-21*4/10)/(-5 - 98/(-20)) is divided by d.
18
Suppose 76 = 8*r - 3*r + 4*v, -r = 4*v - 28. What is the remainder when 75 is divided by r?
3
Suppose -p - 28 = 8. Calculate the remainder when 5 + -1 + -5 - p is divided by -2 - (2 - (0 + 13)).
8
Let g(v) = 4*v**3 - 5*v**2 + v + 1. What is the remainder when 99 is divided by g(2)?
9
Let u = 591 - 565. Calculate the remainder when 28 is divided by u.
2
Let b(v) = -v**3 + 5*v**2 - 4*v + 2. Let s be b(2). Suppose 2*w - s*w = -40. What is the remainder when (-16)/24 - (-712)/24 is divided by w?
9
Let w = 2 + -4. Let l = 419 - 376. Calculate the remainder when l is divided by (-2 - (1 + w)) + 12.
10
Let y(t) = -40*t - 23. Let m(i) = -20*i - 11. Let c(s) = -11*m(s) + 6*y(s). What is the remainder when c(-8) is divided by 36?
35
Let c(k) = -k**2 - 99*k + 641. Suppose -5 + 81 = z. Calculate the remainder when z is divided by c(6).
10
Let j(b) = 85*b + 211. Calculate the remainder when j(2) is divided by 8.
5
Let j be (-5)/(-20) - (-42)/(-8). Let q(n) = n + 2. Let d be q(j). Calculate the remainder when 22 is divided by 0 - (27/d - -3).
4
Let q = 1590 + -1335. Calculate the remainder when q is divided by 20.
15
Suppose -6 = -2*u + 4*l - 0, -3*u - l = -37. Suppose 0 = -10*q + u*q - 22. What is the remainder when q is divided by 13?
9
Let o be (-1)/(-4) - (1 + (-43)/4). Let y = o - -3. What is the remainder when 51 is divided by y?
12
Suppose -37 = 5*y + 3. Let t(c) = c. Let h be t(1). What is the remainder when 19 is divided by (h/(-3))/(y/240)?
9
Let o be 2 - 9*5/(180/8). Suppose 3*s - 1195 = -q, 1997 = 5*s - o*q + 3*q. What is the remainder when s is divided by 50?
47
Suppose 0 = 3*l + 7 - 31. Let r(t) = 2*t + 4*t + l - 5*t. What is the remainder when r(16) is divided by 9?
6
Suppose -26 + 11 = -3*u. What is the remainder when 244 is divided by (-4)/5 + 249/u?
48
Calculate the remainder when 53 is divided by (14/8)/((-2)/(-8)) + 1.
5
Let y = 568 + -440. What is the remainder when y is divided by 11?
7
Suppose 7*o - 59 = 248 - 27. Calculate the remainder when o is divided by 2/6 + 78/9.
4
Let j = -494 + 694. Calculate the remainder when j is divided by 57.
29
Let k(d) be the second derivative of d**3/6 - 2*d**2 - 4*d. Let l be k(3). What is the remainder when l + (0 + -1)*-53 is divided by 14?
10
Let v be (-2)/12*-3*0*1. Suppose v*d + 13 = d. Let q = 23 + 0. What is the remainder when q is divided by d?
10
Let z = -62 - -74. What is the remainder when 42 is divided by z?
6
Let h be 67 + (-1)/(3/(-6)). Let q = h + 17. Suppose 8 = n - 14. Calculate the remainder when q is divided by n.
20
Let u = -26 - -33. Suppose 14 = -u*r + 364. Calculate the remainder when r is divided by 13.
11
Suppose -216*j = -222*j + 282. Suppose -24 = -0*i - i. Calculate the remainder when j is divided by i.
23
Let k(f) = 12*f**2 - 5*f**2 - 10*f**3 - 6 + 2*f + 11*f**3. Calculate the remainder when k(-6) is divided by 10.
8
Suppose -5*x - 5*g = -10*g - 210, -g = x - 36. Calculate the remainder when x is divided by 30.
9
Let t(d) be the third derivative of -d**5/60 - d**4/2 - 2*d**3/3 + 23*d**2 + 2*d. Suppose 0 = -2*g - g - 33. Calculate the remainder when t(g) is divided by 2.
1
Let q = 4 + 6. Let n = q + -8. Suppose 0*p = -n*p + 6, -p + 32 = s. Calculate the remainder when s is divided by 16.
13
Suppose 3*v + 13*s - 12*s - 168 = 0, 2*v + 5*s - 125 = 0. Calculate the remainder when 1209 is divided by v.
54
Suppose 2*c + 34 = 12. Let f(o) = -6*o - 25. Suppose -l = 3*l - 56. What is the remainder when f(c) is divided by l?
13
Suppose 0 = 2*y + 2*i - 29 + 3, 2*y + 4*i - 36 = 0. Suppose 3*l - 17 = 40. Calculate the remainder when l is divided by y.
3
Let u(f) = -f**2 + 20*f - 54. Calculate the remainder when 198 is divided by u(8).
30
What is the remainder when 497 is divided by (-10*(-3)/(-18))/((-7)/84)?
17
Let a(b) = b**2 + 6*b + 23. Calculate the remainder when a(10) is divided by 38.
31
Let j = 1111 + -592. Suppose 6*q + c - j = q, 5*c = 20. Calculate the remainder when q is divided by ((-78)/(-9))/((-1)/(-3)).
25
Let p = 28 + -26. Let t(f) = f**2 + 3*f - 4. What is the remainder when t(-5) is divided by (1/p)/(11/88)?
2
Suppose -5*g + a = -170, 2*g + 19*a - 61 = 18*a. What is the remainder when 1219 is divided by g?
31
Let b(a) = -a**2 - 10*a - 4. Let z be 11/((-1 + 0)*-1). Suppose -2*k = -y + 8 + z, 0 = -3*y - 2*k + 73. Calculate the remainder when y is divided by b(-8).
11
Let x = -54 + 45. Let d = 5 + 8. Let u = x + d. Calculate the remainder when 7 is divided by u.
3
Let i = 100 - 93. Let v(x) = x**3 + 5*x**2. Let o be v(-5). Suppose -5*t + 4*a + 191 = o, -80 = -3*t + t - 2*a. Calculate the remainder when t is divided by i.
4
Let l(z) = -z**3 - 3*z**2 + 2*z - 7. Suppose 0 = u - 12*u + 1771. What is the remainder when u is divided by l(-5)?
29
Let m(u) = 30*u**2 + 3*u - 8. What is the remainder when m(2) is divided by 46?
26
Let a be (-6)/(-5)*20/(-8). Calculate the remainder when 109 is divided by (0 - -29 - -2) + a.
25
Let k(m) = -m**2 - 54*m - 37. Calculate the remainder when 159 is divided by k(-53).
15
Let h(p) = p**3 + p**2 - p - 4. Let f be h(-3). Let a = f + 29. Calculate the remainder when (-2)/4 + 99/2 is divided by a.
9
Suppose 604 = -n + 4*n + 4*b, -4*n + 847 = -3*b. What is the remainder when ((-15)/(-6) - 2)*n is divided by 27?
23
Let i = -2030 - -2080. Calculate the remainder when 197 is divided by i.
47
Suppose -2*j - 27 = -d, 2*j - 48 = -d - 3*j. Suppose -3*x + 401 - 107 = 0. What is the remainder when x is divided by d?
32
Suppose -5*s - 3 = -2*s, -109 = -r + 3*s. Let j = r + -90. Let q = 20 - -25. Calculate the remainder when q is divided by j.
13
Suppose -4*d = 3*g - 233, 4*g + 37 = d - 26. Let r(n) = n**3 + 4*n**2 + 2*n + 3. Let m be r(-4). Calculate the remainder when d is divided by 25*(-3)/m*1.
14
Let q = 5 - -2. Let c(v) = -v**2 + 11*v - 12. What is the remainder when 46 is divided by c(q)?
14
Let s = -16 + -54. What is the remainder when ((-392)/s)/(2/5) is divided by 10?
4
Suppose -118 = 5*w - 478. Let y = -66 + w. What is the remainder when 19 is divided by y?
1
Calculate the remainder when ((-25506)/156)/((-1)/2) is divided by 11.
8
What is the remainder when ((-208)/10 - -1)/(15/(-50)) is divided by 38?
28
Let p(w) = 7*w + 5. Let d be p(7). Calculate the remainder when 43 is divided by d/4 - 3/2.
7
Let l = 289 + -274. Calculate the remainder when 28 is divided by l.
13
Let w be 38/2 + (-28)/7. Suppose 2*i + w = 23. Suppose 162 + 22 = i*p. What is the remainder when p is divided by 16?
14
Suppose g + 4*g = -175. Let q = g + 90. What is the remainder when 106 is divided by q?
51
Let k(o) = -44*o**3 - o**2. Let q be ((-2)/4)/((-5)/(-10)). Calculate the remainder when k(q) is divided by (-24)/(-40) - 214/(-10).
21
Let r = -36 - -67. Let k = 22 - -12. What is the remainder when r is divided by k*((-18)/(-4))/9?
14
Let k be (60/27)/(4/18). Let n(c) = 16 + 7*c - k*c + 10*c**2 + 4*c**2 + c**3. Calculate the remainder when n(-14) is divided by 15.
13
Let t(x) = 146*x**2 - 6*x + 4. What is the remainder when t(1) is divided by 30?
24
Suppose 43 = v - 69. Let q = -74 + v. Calculate the remainder when q is divided by (-6)/(-2*(-3)/(-20)).
18
Let d = 26 - 26. Suppose 0 = g - 2*h - 50, d = -3*g + 2*h - 5*h + 141. Calculate the remainder when g is divided by 25.
23
Suppose -357 = -q + 108. Calculate the remainder when (q/5)/(1 - (-3)/6) is divided by 21.
20
Suppose -r + 3*i + 5 = 4*r, 2*r = 5*i - 17. Suppose -r*u - 3*h = -58, 0*h - 2*h - 4 = 0. What is the remainder when 42 is divided by u?
10
Suppose 0 = -5*l + 5*y + 4880, 4*l = 2*l + y + 1949. Calculate the remainder when l is divided by 13.
11
Let c = 11 + -57. Let f = -42 - c. Calculate the remainder when 19 is divided by f.
3
Suppose -7*g = 3*o - 5*g - 96, 2*o - 80 = 4*g. What is the remainder when 80 is divided by o?
12
Let l = -948 - -979. Calculate the remainder when l is divided by 6.
1
Suppose 2*m + 856 = 3012. What is the remainder when m is divided by 54?
52
What is the remainder when 7/((-14)/(-11))*90 is divided by 126?
117
Suppose -3*a + 2*s + 325 = 0, 16 + 4 = 5*s. Calculate the remainder when a is divided by 14.
13
Let p = 19 - 7. What is the remainder when p/(-20) + -1 + 93/5 is divided by 4?
1
Let j = -178 - -242. What is the remai